Dec 03 05:18:28.905 INFO testing hypercore-0.8.1 against master#8940af3cea4a9a9deabcaf843b2f8cad9a83fc61 for beta-1.31-5
Dec 03 05:18:28.905 INFO running `"docker" "create" "-v" "/mnt/big/crater/work/local/target-dirs/beta-1.31-5/worker-3/master#8940af3cea4a9a9deabcaf843b2f8cad9a83fc61:/target:rw,Z" "-v" "/mnt/big/crater/work/local/test-source/worker-3/beta-1.31-5/master#8940af3cea4a9a9deabcaf843b2f8cad9a83fc61:/source:ro,Z" "-v" "/mnt/big/crater/work/local/cargo-home:/cargo-home:ro,Z" "-v" "/mnt/big/crater/work/local/rustup-home:/rustup-home:ro,Z" "-e" "USER_ID=1000" "-e" "SOURCE_DIR=/source" "-e" "USER_ID=1000" "-e" "CMD=cargo +8940af3cea4a9a9deabcaf843b2f8cad9a83fc61-alt build --frozen" "-e" "CARGO_TARGET_DIR=/target" "-e" "CARGO_INCREMENTAL=0" "-e" "RUST_BACKTRACE=full" "-e" "RUSTFLAGS=--cap-lints=warn" "-e" "CARGO_HOME=/cargo-home" "-e" "RUSTUP_HOME=/rustup-home" "-m" "1536M" "--network" "none" "crater"`
Dec 03 05:18:29.291 INFO [stdout] bc57bcacc1bec0b780cce3c6ac6a34265c0c58a4e83eeff0e5a761ca31ef821d
Dec 03 05:18:29.297 INFO running `"docker" "start" "-a" "bc57bcacc1bec0b780cce3c6ac6a34265c0c58a4e83eeff0e5a761ca31ef821d"`
Dec 03 05:18:30.435 INFO [stderr] usermod: no changes
Dec 03 05:18:30.684 INFO [stderr]    Compiling subtle v1.0.0
Dec 03 05:18:30.689 INFO [stderr]    Compiling flat-tree v3.7.0
Dec 03 05:18:30.699 INFO [stderr]    Compiling mkdirp v0.1.0
Dec 03 05:18:30.716 INFO [stderr]    Compiling rand v0.5.5
Dec 03 05:18:30.717 INFO [stderr]    Compiling memory-pager v0.8.0
Dec 03 05:18:30.718 INFO [stderr]    Compiling random-access-storage v0.6.0
Dec 03 05:18:30.718 INFO [stderr]    Compiling sleep-parser v0.7.0
Dec 03 05:18:30.718 INFO [stderr]    Compiling pretty-hash v0.4.0
Dec 03 05:18:35.655 INFO [stderr]    Compiling random-access-memory v0.5.0
Dec 03 05:18:35.655 INFO [stderr]    Compiling random-access-disk v0.6.0
Dec 03 05:18:37.438 INFO [stderr]    Compiling merkle-tree-stream v0.7.0
Dec 03 05:18:38.391 INFO [stderr]    Compiling sparse-bitfield v0.8.1
Dec 03 05:18:44.132 INFO [stderr]    Compiling tree-index v0.5.0
Dec 03 05:18:46.268 INFO [stderr]    Compiling curve25519-dalek v0.20.0
Dec 03 05:18:52.899 INFO [stderr]    Compiling ed25519-dalek v0.8.1
Dec 03 05:18:55.312 INFO [stderr]    Compiling hypercore v0.8.1 (/source)
Dec 03 05:18:59.312 INFO [stderr]     Finished dev [unoptimized + debuginfo] target(s) in 28.85s
Dec 03 05:18:59.321 INFO [stderr] su: No module specific data is present
Dec 03 05:19:00.517 INFO running `"docker" "inspect" "bc57bcacc1bec0b780cce3c6ac6a34265c0c58a4e83eeff0e5a761ca31ef821d"`
Dec 03 05:19:00.831 INFO running `"docker" "rm" "-f" "bc57bcacc1bec0b780cce3c6ac6a34265c0c58a4e83eeff0e5a761ca31ef821d"`
Dec 03 05:19:01.043 INFO [stdout] bc57bcacc1bec0b780cce3c6ac6a34265c0c58a4e83eeff0e5a761ca31ef821d
Dec 03 05:19:01.051 INFO running `"docker" "create" "-v" "/mnt/big/crater/work/local/target-dirs/beta-1.31-5/worker-3/master#8940af3cea4a9a9deabcaf843b2f8cad9a83fc61:/target:rw,Z" "-v" "/mnt/big/crater/work/local/test-source/worker-3/beta-1.31-5/master#8940af3cea4a9a9deabcaf843b2f8cad9a83fc61:/source:ro,Z" "-v" "/mnt/big/crater/work/local/cargo-home:/cargo-home:ro,Z" "-v" "/mnt/big/crater/work/local/rustup-home:/rustup-home:ro,Z" "-e" "USER_ID=1000" "-e" "SOURCE_DIR=/source" "-e" "USER_ID=1000" "-e" "CMD=cargo +8940af3cea4a9a9deabcaf843b2f8cad9a83fc61-alt test --frozen --no-run" "-e" "CARGO_TARGET_DIR=/target" "-e" "CARGO_INCREMENTAL=0" "-e" "RUST_BACKTRACE=full" "-e" "RUSTFLAGS=--cap-lints=warn" "-e" "CARGO_HOME=/cargo-home" "-e" "RUSTUP_HOME=/rustup-home" "-m" "1536M" "--network" "none" "crater"`
Dec 03 05:19:01.397 INFO [stdout] a48673b86a2bd2b446afca34563868c8296678300c8ae65b93e553951481795e
Dec 03 05:19:01.399 INFO running `"docker" "start" "-a" "a48673b86a2bd2b446afca34563868c8296678300c8ae65b93e553951481795e"`
Dec 03 05:19:02.719 INFO [stderr] usermod: no changes
Dec 03 05:19:02.963 INFO [stderr]    Compiling quickcheck v0.7.2
Dec 03 05:19:07.335 INFO [stderr]    Compiling hypercore v0.8.1 (/source)
Dec 03 05:19:37.331 INFO [stderr]     Finished dev [unoptimized + debuginfo] target(s) in 34.59s
Dec 03 05:19:37.349 INFO [stderr] su: No module specific data is present
Dec 03 05:19:38.312 INFO running `"docker" "inspect" "a48673b86a2bd2b446afca34563868c8296678300c8ae65b93e553951481795e"`
Dec 03 05:19:38.601 INFO running `"docker" "rm" "-f" "a48673b86a2bd2b446afca34563868c8296678300c8ae65b93e553951481795e"`
Dec 03 05:19:38.920 INFO [stdout] a48673b86a2bd2b446afca34563868c8296678300c8ae65b93e553951481795e
Dec 03 05:19:38.927 INFO running `"docker" "create" "-v" "/mnt/big/crater/work/local/target-dirs/beta-1.31-5/worker-3/master#8940af3cea4a9a9deabcaf843b2f8cad9a83fc61:/target:rw,Z" "-v" "/mnt/big/crater/work/local/test-source/worker-3/beta-1.31-5/master#8940af3cea4a9a9deabcaf843b2f8cad9a83fc61:/source:ro,Z" "-v" "/mnt/big/crater/work/local/cargo-home:/cargo-home:ro,Z" "-v" "/mnt/big/crater/work/local/rustup-home:/rustup-home:ro,Z" "-e" "USER_ID=1000" "-e" "SOURCE_DIR=/source" "-e" "USER_ID=1000" "-e" "CMD=cargo +8940af3cea4a9a9deabcaf843b2f8cad9a83fc61-alt test --frozen" "-e" "CARGO_TARGET_DIR=/target" "-e" "CARGO_INCREMENTAL=0" "-e" "RUST_BACKTRACE=full" "-e" "RUSTFLAGS=--cap-lints=warn" "-e" "CARGO_HOME=/cargo-home" "-e" "RUSTUP_HOME=/rustup-home" "-m" "1536M" "--network" "none" "crater"`
Dec 03 05:19:39.347 INFO [stdout] a5c39395ecfb3b460c748a1a569d4999c20ee5243bce209273c6b31db1b6fe4c
Dec 03 05:19:39.349 INFO running `"docker" "start" "-a" "a5c39395ecfb3b460c748a1a569d4999c20ee5243bce209273c6b31db1b6fe4c"`
Dec 03 05:19:40.747 INFO [stderr] usermod: no changes
Dec 03 05:19:40.999 INFO [stderr]     Finished dev [unoptimized + debuginfo] target(s) in 0.21s
Dec 03 05:19:41.031 INFO [stderr]      Running /target/debug/deps/hypercore-caec1bc057bef3ca
Dec 03 05:19:41.035 INFO [stdout] 
Dec 03 05:19:41.035 INFO [stdout] running 5 tests
Dec 03 05:19:41.035 INFO [stdout] test crypto::hash::tests::root_hash ... ok
Dec 03 05:19:41.035 INFO [stdout] test crypto::hash::tests::parent_hash ... ok
Dec 03 05:19:41.035 INFO [stdout] test crypto::hash::tests::leaf_hash ... ok
Dec 03 05:19:41.039 INFO [stdout] test storage::should_detect_zeroes ... ok
Dec 03 05:19:41.055 INFO [stdout] test crypto::key_pair::can_verify_messages ... ok
Dec 03 05:19:41.055 INFO [stdout] 
Dec 03 05:19:41.055 INFO [stdout] test result: ok. 5 passed; 0 failed; 0 ignored; 0 measured; 0 filtered out
Dec 03 05:19:41.055 INFO [stdout] 
Dec 03 05:19:41.055 INFO [stderr]      Running /target/debug/deps/bitfield-26e2d354b1979d2e
Dec 03 05:19:41.067 INFO [stdout] 
Dec 03 05:19:41.067 INFO [stdout] running 2 tests
Dec 03 05:19:41.067 INFO [stdout] test get_total_positive_bits ... ok
Dec 03 05:19:41.067 INFO [stdout] test set_and_get ... ok
Dec 03 05:19:41.067 INFO [stdout] 
Dec 03 05:19:41.067 INFO [stdout] test result: ok. 2 passed; 0 failed; 0 ignored; 0 measured; 0 filtered out
Dec 03 05:19:41.067 INFO [stdout] 
Dec 03 05:19:41.068 INFO [stderr]      Running /target/debug/deps/compat-04d8131bc620b27a
Dec 03 05:19:41.070 INFO [stdout] 
Dec 03 05:19:41.070 INFO [stdout] running 4 tests
Dec 03 05:19:41.070 INFO [stdout] test deterministic_data_and_tree_after_replication ... ignored
Dec 03 05:19:41.070 INFO [stdout] test deterministic_signatures_after_replication ... ignored
Dec 03 05:19:41.362 INFO [stdout] test deterministic_signatures ... ok
Dec 03 05:19:41.706 INFO [stdout] test deterministic_data_and_tree ... ok
Dec 03 05:19:41.706 INFO [stdout] 
Dec 03 05:19:41.706 INFO [stdout] test result: ok. 2 passed; 0 failed; 2 ignored; 0 measured; 0 filtered out
Dec 03 05:19:41.706 INFO [stdout] 
Dec 03 05:19:41.708 INFO [stderr]      Running /target/debug/deps/feed-1c12a321007ccc21
Dec 03 05:19:41.710 INFO [stdout] 
Dec 03 05:19:41.711 INFO [stdout] running 10 tests
Dec 03 05:19:41.764 INFO [stdout] test create_with_key ... ok
Dec 03 05:19:41.766 INFO [stdout] test create_with_stored_public_key ... ok
Dec 03 05:19:41.770 INFO [stdout] test create_with_stored_keys ... ok
Dec 03 05:19:41.775 INFO [stdout] test create_with_storage ... ok
Dec 03 05:19:41.784 INFO [stdout] test display ... ok
Dec 03 05:19:41.805 INFO [stdout] test append ... ok
Dec 03 05:19:41.805 INFO [stdout] test root_hashes ... ok
Dec 03 05:19:41.805 INFO [stdout] test set_get ... ok
Dec 03 05:19:41.812 INFO [stdout] test verify ... ok
Dec 03 05:19:41.819 INFO [stdout] test put ... ok
Dec 03 05:19:41.819 INFO [stdout] 
Dec 03 05:19:41.819 INFO [stdout] test result: ok. 10 passed; 0 failed; 0 ignored; 0 measured; 0 filtered out
Dec 03 05:19:41.819 INFO [stdout] 
Dec 03 05:19:41.821 INFO [stderr]      Running /target/debug/deps/model-18aea52d0366a079
Dec 03 05:19:41.831 INFO [stdout] 
Dec 03 05:19:41.831 INFO [stdout] running 1 test
Dec 03 05:19:47.607 INFO [stdout] test implementation_matches_model ... ok
Dec 03 05:19:47.607 INFO [stdout] 
Dec 03 05:19:47.607 INFO [stdout] test result: ok. 1 passed; 0 failed; 0 ignored; 0 measured; 0 filtered out
Dec 03 05:19:47.607 INFO [stdout] 
Dec 03 05:19:47.615 INFO [stderr]      Running /target/debug/deps/regression-a162110b68814ca0
Dec 03 05:19:47.617 INFO [stdout] 
Dec 03 05:19:47.617 INFO [stdout] running 1 test
Dec 03 05:19:47.622 INFO [stdout] test regression_01 ... ok
Dec 03 05:19:47.622 INFO [stdout] 
Dec 03 05:19:47.622 INFO [stdout] test result: ok. 1 passed; 0 failed; 0 ignored; 0 measured; 0 filtered out
Dec 03 05:19:47.622 INFO [stdout] 
Dec 03 05:19:47.622 INFO [stderr]      Running /target/debug/deps/storage-e6efc7f11b4f9564
Dec 03 05:19:47.623 INFO [stdout] 
Dec 03 05:19:47.623 INFO [stdout] running 4 tests
Dec 03 05:19:47.633 INFO [stdout] test should_write_and_read_keypair ... ok
Dec 03 05:19:47.633 INFO [stdout] test should_read_partial_keypair ... ok
Dec 03 05:19:47.633 INFO [stdout] test should_read_no_keypair ... ok
Dec 03 05:19:47.639 INFO [stdout] test should_read_empty_public_key ... ok
Dec 03 05:19:47.639 INFO [stdout] 
Dec 03 05:19:47.639 INFO [stdout] test result: ok. 4 passed; 0 failed; 0 ignored; 0 measured; 0 filtered out
Dec 03 05:19:47.639 INFO [stdout] 
Dec 03 05:19:47.647 INFO [stderr]    Doc-tests hypercore
Dec 03 05:19:52.155 INFO [stdout] 
Dec 03 05:19:52.155 INFO [stdout] running 2 tests
Dec 03 05:20:01.551 INFO [stdout] test src/prelude.rs - prelude (line 3) ... ok
Dec 03 05:20:02.139 INFO [stdout] test src/lib.rs -  (line 8) ... FAILED
Dec 03 05:20:02.139 INFO [stdout] 
Dec 03 05:20:02.139 INFO [stdout] failures:
Dec 03 05:20:02.139 INFO [stdout] 
Dec 03 05:20:02.139 INFO [stdout] ---- src/lib.rs -  (line 8) stdout ----
Dec 03 05:20:02.139 INFO [stdout] thread 'src/lib.rs -  (line 8)' panicked at 'test executable failed:
Dec 03 05:20:02.139 INFO [stdout] 
Dec 03 05:20:02.139 INFO [stdout] thread 'main' panicked at 'called `Result::unwrap()` on an `Err` value: Os { code: 30, kind: Other, message: "Read-only file system" }
Dec 03 05:20:02.140 INFO [stdout] 
Dec 03 05:20:02.140 INFO [stdout] stack backtrace:
Dec 03 05:20:02.140 INFO [stdout]    0:     0x55add7d82316 - backtrace::backtrace::libunwind::trace::h64223e38b1db3467
Dec 03 05:20:02.140 INFO [stdout]                         at /cargo-home/registry/src/github.com-1ecc6299db9ec823/backtrace-0.3.9/src/backtrace/libunwind.rs:53
Dec 03 05:20:02.140 INFO [stdout]                          - backtrace::backtrace::trace::h5ae7f2b9d7860414
Dec 03 05:20:02.140 INFO [stdout]                         at /cargo-home/registry/src/github.com-1ecc6299db9ec823/backtrace-0.3.9/src/backtrace/mod.rs:42
Dec 03 05:20:02.140 INFO [stdout]    1:     0x55add7d7c993 - backtrace::capture::Backtrace::new_unresolved::h4e19f78a13bd9aa1
Dec 03 05:20:02.140 INFO [stdout]                         at /cargo-home/registry/src/github.com-1ecc6299db9ec823/backtrace-0.3.9/src/capture.rs:88
Dec 03 05:20:02.140 INFO [stdout]    2:     0x55add7d7b2f3 - failure::backtrace::internal::InternalBacktrace::new::h93a341dc5679e3fe
Dec 03 05:20:02.140 INFO [stdout]                         at /cargo-home/registry/src/github.com-1ecc6299db9ec823/failure-0.1.3/src/backtrace/internal.rs:44
Dec 03 05:20:02.140 INFO [stdout]    3:     0x55add7d7a7bc - failure::backtrace::Backtrace::new::h6cc5896610e8414d
Dec 03 05:20:02.140 INFO [stdout]                         at /cargo-home/registry/src/github.com-1ecc6299db9ec823/failure-0.1.3/src/backtrace/mod.rs:111
Dec 03 05:20:02.140 INFO [stdout]    4:     0x55add7d20ec9 - <failure::error::error_impl::ErrorImpl as core::convert::From<F>>::from::hb3d66f3c5791a26b
Dec 03 05:20:02.140 INFO [stdout]                         at /cargo-home/registry/src/github.com-1ecc6299db9ec823/failure-0.1.3/src/error/error_impl.rs:19
Dec 03 05:20:02.140 INFO [stdout]    5:     0x55add7d2018f - <failure::error::Error as core::convert::From<F>>::from::h2fd39f2d8fca4916
Dec 03 05:20:02.140 INFO [stdout]                         at /cargo-home/registry/src/github.com-1ecc6299db9ec823/failure-0.1.3/src/error/mod.rs:36
Dec 03 05:20:02.140 INFO [stdout]    6:     0x55add7d1e606 - random_access_disk::RandomAccessDisk::open::h16fa63c125989018
Dec 03 05:20:02.140 INFO [stdout]                         at /cargo-home/registry/src/github.com-1ecc6299db9ec823/random-access-disk-0.6.0/src/lib.rs:31
Dec 03 05:20:02.140 INFO [stdout]    7:     0x55add7d0d1eb - <hypercore::storage::Storage<random_access_disk::RandomAccessDisk>>::new_disk::{{closure}}::h654b9778e356c29a
Dec 03 05:20:02.140 INFO [stdout]                         at src/storage/mod.rs:313
Dec 03 05:20:02.140 INFO [stdout]    8:     0x55add7d0a56a - <hypercore::storage::Storage<T>>::new::h08314f246bf44ff5
Dec 03 05:20:02.140 INFO [stdout]                         at src/storage/mod.rs:74
Dec 03 05:20:02.140 INFO [stdout]    9:     0x55add7d0cf08 - <hypercore::storage::Storage<random_access_disk::RandomAccessDisk>>::new_disk::h86b356cb34814568
Dec 03 05:20:02.140 INFO [stdout]                         at src/storage/mod.rs:315
Dec 03 05:20:02.140 INFO [stdout]   10:     0x55add7cf8808 - <hypercore::feed::Feed<random_access_disk::RandomAccessDisk>>::new::he2b9914601f94e54
Dec 03 05:20:02.140 INFO [stdout]                         at src/feed.rs:551
Dec 03 05:20:02.140 INFO [stdout]   11:     0x55add7cf27a8 - rust_out::main::h944e552f3f67b4ba
Dec 03 05:20:02.140 INFO [stdout]   12:     0x55add7cf0612 - std::rt::lang_start::{{closure}}::h75e93374870778fd
Dec 03 05:20:02.140 INFO [stdout]   13:     0x55add7db12a2 - std::rt::lang_start_internal::{{closure}}::h2e176feebc4ae499
Dec 03 05:20:02.140 INFO [stdout]                         at libstd/rt.rs:59
Dec 03 05:20:02.140 INFO [stdout]                          - std::panicking::try::do_call::h52e7f80ff0fdcc45
Dec 03 05:20:02.140 INFO [stdout]                         at libstd/panicking.rs:310
Dec 03 05:20:02.140 INFO [stdout]   14:     0x55add7dc1209 - __rust_maybe_catch_panic
Dec 03 05:20:02.140 INFO [stdout]                         at libpanic_unwind/lib.rs:102
Dec 03 05:20:02.140 INFO [stdout]   15:     0x55add7da5f8a - std::panicking::try::hf1fde00385764432
Dec 03 05:20:02.140 INFO [stdout]                         at libstd/panicking.rs:289
Dec 03 05:20:02.140 INFO [stdout]                          - std::panic::catch_unwind::h924739d5c4bcd80a
Dec 03 05:20:02.140 INFO [stdout]                         at libstd/panic.rs:392
Dec 03 05:20:02.140 INFO [stdout]                          - std::rt::lang_start_internal::h38cae898de7f805c
Dec 03 05:20:02.140 INFO [stdout]                         at libstd/rt.rs:58
Dec 03 05:20:02.140 INFO [stdout]   16:     0x55add7cf05f4 - std::rt::lang_start::h75a65a13903c9f73
Dec 03 05:20:02.140 INFO [stdout]   17:     0x55add7cf2a7a - main
Dec 03 05:20:02.140 INFO [stdout]   18:     0x7fcae64f582f - __libc_start_main
Dec 03 05:20:02.140 INFO [stdout]   19:     0x55add7ced608 - _start
Dec 03 05:20:02.140 INFO [stdout]   20:                0x0 - <unknown>', libcore/result.rs:1009:5
Dec 03 05:20:02.140 INFO [stdout] stack backtrace:
Dec 03 05:20:02.140 INFO [stdout]    0:     0x55add7dae12f - std::sys::unix::backtrace::tracing::imp::unwind_backtrace::h3a8b83e1922cbdde
Dec 03 05:20:02.140 INFO [stdout]                                at libstd/sys/unix/backtrace/tracing/gcc_s.rs:49
Dec 03 05:20:02.140 INFO [stdout]    1:     0x55add7db6257 - std::sys_common::backtrace::print::h00d3155a29b4020f
Dec 03 05:20:02.140 INFO [stdout]                                at libstd/sys_common/backtrace.rs:71
Dec 03 05:20:02.140 INFO [stdout]                                at libstd/sys_common/backtrace.rs:59
Dec 03 05:20:02.140 INFO [stdout]    2:     0x55add7db11ff - std::panicking::default_hook::{{closure}}::hd7465c742e79e1bb
Dec 03 05:20:02.140 INFO [stdout]                                at libstd/panicking.rs:211
Dec 03 05:20:02.140 INFO [stdout]    3:     0x55add7db0f64 - std::panicking::default_hook::h9e3966f2aa2a6e12
Dec 03 05:20:02.140 INFO [stdout]                                at libstd/panicking.rs:227
Dec 03 05:20:02.140 INFO [stdout]    4:     0x55add7db187e - std::panicking::rust_panic_with_hook::h587f091ae747d080
Dec 03 05:20:02.140 INFO [stdout]                                at libstd/panicking.rs:476
Dec 03 05:20:02.140 INFO [stdout]    5:     0x55add7db1421 - std::panicking::continue_panic_fmt::hb3a4fdede87f43a8
Dec 03 05:20:02.140 INFO [stdout]                                at libstd/panicking.rs:390
Dec 03 05:20:02.140 INFO [stdout]    6:     0x55add7db1305 - rust_begin_unwind
Dec 03 05:20:02.140 INFO [stdout]                                at libstd/panicking.rs:325
Dec 03 05:20:02.140 INFO [stdout]    7:     0x55add7df0b2c - core::panicking::panic_fmt::h6f9cebf5e7474a0b
Dec 03 05:20:02.140 INFO [stdout]                                at libcore/panicking.rs:77
Dec 03 05:20:02.140 INFO [stdout]    8:     0x55add7d0489a - core::result::unwrap_failed::ha3aef4d1f3109fe6
Dec 03 05:20:02.140 INFO [stdout]                                at libcore/macros.rs:26
Dec 03 05:20:02.140 INFO [stdout]    9:     0x55add7cf2c2f - <core::result::Result<T, E>>::unwrap::h825afd3dcb821875
Dec 03 05:20:02.140 INFO [stdout]   10:     0x55add7cf27bc - rust_out::main::h944e552f3f67b4ba
Dec 03 05:20:02.140 INFO [stdout]   11:     0x55add7cf0612 - std::rt::lang_start::{{closure}}::h75e93374870778fd
Dec 03 05:20:02.140 INFO [stdout]   12:     0x55add7db12a2 - std::panicking::try::do_call::h52e7f80ff0fdcc45
Dec 03 05:20:02.140 INFO [stdout]                                at libstd/rt.rs:59
Dec 03 05:20:02.140 INFO [stdout]                                at libstd/panicking.rs:310
Dec 03 05:20:02.140 INFO [stdout]   13:     0x55add7dc1209 - __rust_maybe_catch_panic
Dec 03 05:20:02.140 INFO [stdout]                                at libpanic_unwind/lib.rs:102
Dec 03 05:20:02.140 INFO [stdout]   14:     0x55add7da5f8a - std::rt::lang_start_internal::h38cae898de7f805c
Dec 03 05:20:02.140 INFO [stdout]                                at libstd/panicking.rs:289
Dec 03 05:20:02.140 INFO [stdout]                                at libstd/panic.rs:392
Dec 03 05:20:02.140 INFO [stdout]                                at libstd/rt.rs:58
Dec 03 05:20:02.140 INFO [stdout]   15:     0x55add7cf05f4 - std::rt::lang_start::h75a65a13903c9f73
Dec 03 05:20:02.140 INFO [stdout]   16:     0x55add7cf2a7a - main
Dec 03 05:20:02.140 INFO [stdout]   17:     0x7fcae64f582f - __libc_start_main
Dec 03 05:20:02.140 INFO [stdout]   18:     0x55add7ced608 - _start
Dec 03 05:20:02.140 INFO [stdout]   19:                0x0 - <unknown>
Dec 03 05:20:02.140 INFO [stdout] 
Dec 03 05:20:02.141 INFO [stdout] ', librustdoc/test.rs:367:17
Dec 03 05:20:02.141 INFO [stdout] stack backtrace:
Dec 03 05:20:02.141 INFO [stdout]    0:     0x7f4522f8290f - std::sys::unix::backtrace::tracing::imp::unwind_backtrace::h3a8b83e1922cbdde
Dec 03 05:20:02.141 INFO [stdout]                                at libstd/sys/unix/backtrace/tracing/gcc_s.rs:49
Dec 03 05:20:02.141 INFO [stdout]    1:     0x7f4522f67897 - std::sys_common::backtrace::print::h00d3155a29b4020f
Dec 03 05:20:02.141 INFO [stdout]                                at libstd/sys_common/backtrace.rs:71
Dec 03 05:20:02.141 INFO [stdout]                                at libstd/sys_common/backtrace.rs:59
Dec 03 05:20:02.141 INFO [stdout]    2:     0x7f4522f8dcef - std::panicking::default_hook::{{closure}}::hd7465c742e79e1bb
Dec 03 05:20:02.141 INFO [stdout]                                at libstd/panicking.rs:211
Dec 03 05:20:02.141 INFO [stdout]    3:     0x7f4522f8d9ee - std::panicking::default_hook::h9e3966f2aa2a6e12
Dec 03 05:20:02.141 INFO [stdout]                                at libstd/panicking.rs:221
Dec 03 05:20:02.141 INFO [stdout]    4:     0x7f4525118951 - rustc::util::common::panic_hook::h27965632b67fe74e
Dec 03 05:20:02.141 INFO [stdout]    5:     0x7f4522f8e4e6 - std::panicking::rust_panic_with_hook::h587f091ae747d080
Dec 03 05:20:02.141 INFO [stdout]                                at libstd/panicking.rs:480
Dec 03 05:20:02.141 INFO [stdout]    6:     0x7f4522f8e031 - std::panicking::continue_panic_fmt::hb3a4fdede87f43a8
Dec 03 05:20:02.141 INFO [stdout]                                at libstd/panicking.rs:390
Dec 03 05:20:02.141 INFO [stdout]    7:     0x7f4522f8df7e - std::panicking::begin_panic_fmt::h387afc7da9a10555
Dec 03 05:20:02.141 INFO [stdout]                                at libstd/panicking.rs:345
Dec 03 05:20:02.141 INFO [stdout]    8:     0x56522731eff8 - <rustdoc::test::Collector as rustdoc::test::Tester>::add_test::{{closure}}::{{closure}}::{{closure}}::h1a7d462b7674a13e
Dec 03 05:20:02.141 INFO [stdout]                                at librustdoc/test.rs:367
Dec 03 05:20:02.141 INFO [stdout]                                at librustdoc/test.rs:596
Dec 03 05:20:02.141 INFO [stdout]    9:     0x5652272d41f8 - <scoped_tls::ScopedKey<T>>::set::h9a299037e2efdd79
Dec 03 05:20:02.141 INFO [stdout]                                at /cargo/registry/src/github.com-1ecc6299db9ec823/scoped-tls-0.1.2/src/lib.rs:155
Dec 03 05:20:02.141 INFO [stdout]                                at libsyntax/lib.rs:106
Dec 03 05:20:02.141 INFO [stdout]                                at /cargo/registry/src/github.com-1ecc6299db9ec823/scoped-tls-0.1.2/src/lib.rs:155
Dec 03 05:20:02.141 INFO [stdout]   10:     0x5652270d8601 - syntax::with_globals::hc9a23e436a64729f
Dec 03 05:20:02.141 INFO [stdout]                                at libsyntax/lib.rs:105
Dec 03 05:20:02.141 INFO [stdout]   11:     0x56522718adbb - std::panicking::try::do_call::hd95e3a92339aa7c0
Dec 03 05:20:02.141 INFO [stdout]                                at librustdoc/test.rs:593
Dec 03 05:20:02.141 INFO [stdout]                                at libstd/panic.rs:313
Dec 03 05:20:02.141 INFO [stdout]                                at libstd/panicking.rs:310
Dec 03 05:20:02.141 INFO [stdout]   12:     0x7f4522f9bcd9 - __rust_maybe_catch_panic
Dec 03 05:20:02.141 INFO [stdout]                                at libpanic_unwind/lib.rs:102
Dec 03 05:20:02.141 INFO [stdout]   13:     0x5652271adf49 - rustc_driver::in_named_rustc_thread::h5d5326e5f9843b1f
Dec 03 05:20:02.141 INFO [stdout]                                at libstd/panicking.rs:289
Dec 03 05:20:02.141 INFO [stdout]                                at libstd/panic.rs:392
Dec 03 05:20:02.141 INFO [stdout]                                at librustc_driver/lib.rs:1546
Dec 03 05:20:02.141 INFO [stdout]   14:     0x5652272eceb0 - <F as alloc::boxed::FnBox<A>>::call_box::h85b70bbf522f8d35
Dec 03 05:20:02.141 INFO [stdout]                                at librustdoc/test.rs:593
Dec 03 05:20:02.141 INFO [stdout]                                at liballoc/boxed.rs:672
Dec 03 05:20:02.141 INFO [stdout]   15:     0x7f45245fd022 - <F as alloc::boxed::FnBox<A>>::call_box::h37f4bb882553d58c
Dec 03 05:20:02.141 INFO [stdout]                                at libtest/lib.rs:1461
Dec 03 05:20:02.141 INFO [stdout]                                at liballoc/boxed.rs:672
Dec 03 05:20:02.141 INFO [stdout]   16:     0x7f4522f9bcd9 - __rust_maybe_catch_panic
Dec 03 05:20:02.141 INFO [stdout]                                at libpanic_unwind/lib.rs:102
Dec 03 05:20:02.141 INFO [stdout]   17:     0x7f4524625462 - std::sys_common::backtrace::__rust_begin_short_backtrace::hb8f0d0309526c184
Dec 03 05:20:02.141 INFO [stdout]                                at libstd/panicking.rs:289
Dec 03 05:20:02.141 INFO [stdout]                                at libstd/panic.rs:392
Dec 03 05:20:02.141 INFO [stdout]                                at libtest/lib.rs:1423
Dec 03 05:20:02.141 INFO [stdout]                                at libstd/sys_common/backtrace.rs:136
Dec 03 05:20:02.141 INFO [stdout]   18:     0x7f4524626204 - std::panicking::try::do_call::hc2f7c8b9a348d8db
Dec 03 05:20:02.141 INFO [stdout]                                at libstd/thread/mod.rs:409
Dec 03 05:20:02.141 INFO [stdout]                                at libstd/panic.rs:313
Dec 03 05:20:02.141 INFO [stdout]                                at libstd/panicking.rs:310
Dec 03 05:20:02.141 INFO [stdout]   19:     0x7f4522f9bcd9 - __rust_maybe_catch_panic
Dec 03 05:20:02.141 INFO [stdout]                                at libpanic_unwind/lib.rs:102
Dec 03 05:20:02.141 INFO [stdout]   20:     0x7f452460e94c - <F as alloc::boxed::FnBox<A>>::call_box::h6bfded618e480b32
Dec 03 05:20:02.141 INFO [stdout]                                at libstd/panicking.rs:289
Dec 03 05:20:02.141 INFO [stdout]                                at libstd/panic.rs:392
Dec 03 05:20:02.141 INFO [stdout]                                at libstd/thread/mod.rs:408
Dec 03 05:20:02.141 INFO [stdout]                                at liballoc/boxed.rs:672
Dec 03 05:20:02.141 INFO [stdout]   21:     0x7f4522f88c9d - std::sys_common::thread::start_thread::h4c28257d67cdf9cb
Dec 03 05:20:02.141 INFO [stdout]                                at liballoc/boxed.rs:682
Dec 03 05:20:02.141 INFO [stdout]                                at libstd/sys_common/thread.rs:24
Dec 03 05:20:02.141 INFO [stdout]   22:     0x7f4522f5e4d5 - std::sys::unix::thread::Thread::new::thread_start::hfecb2e7eff8fd34f
Dec 03 05:20:02.141 INFO [stdout]                                at libstd/sys/unix/thread.rs:90
Dec 03 05:20:02.141 INFO [stdout]   23:     0x7f4522aea6b9 - start_thread
Dec 03 05:20:02.141 INFO [stdout]   24:     0x7f452260a41c - clone
Dec 03 05:20:02.141 INFO [stdout]   25:                0x0 - <unknown>
Dec 03 05:20:02.141 INFO [stdout] query stack during panic:
Dec 03 05:20:02.141 INFO [stdout] end of query stack
Dec 03 05:20:02.141 INFO [stdout] 
Dec 03 05:20:02.141 INFO [stdout] 
Dec 03 05:20:02.141 INFO [stdout] failures:
Dec 03 05:20:02.141 INFO [stdout]     src/lib.rs -  (line 8)
Dec 03 05:20:02.141 INFO [stdout] 
Dec 03 05:20:02.141 INFO [stdout] test result: FAILED. 1 passed; 1 failed; 0 ignored; 0 measured; 0 filtered out
Dec 03 05:20:02.141 INFO [stdout] 
Dec 03 05:20:02.153 INFO [stderr] error: test failed, to rerun pass '--doc'
Dec 03 05:20:02.155 INFO [stderr] su: No module specific data is present
Dec 03 05:20:03.593 INFO running `"docker" "inspect" "a5c39395ecfb3b460c748a1a569d4999c20ee5243bce209273c6b31db1b6fe4c"`
Dec 03 05:20:03.945 INFO running `"docker" "rm" "-f" "a5c39395ecfb3b460c748a1a569d4999c20ee5243bce209273c6b31db1b6fe4c"`
Dec 03 05:20:04.283 INFO [stdout] a5c39395ecfb3b460c748a1a569d4999c20ee5243bce209273c6b31db1b6fe4c
